he third derivative of 0 + 1/30*o**5 + 0*o**3 + 5/12*o**4 + o**2 + 0*o. What are the prime factors of g(-7)?
2, 7
Let y = 349 + -66. Let w = y + -170. List the prime factors of w.
113
Let i = -110 + 197. List the prime factors of (-2)/(4/6) - (4 - i).
2, 5
Suppose 10*u = 447 + 353. Let g = u - -11. What are the prime factors of g?
7, 13
Suppose -4*s = -q + 538 + 114, q - 3*s = 656. What are the prime factors of q?
2, 167
Suppose -703 = -5*y - 3*u - 13, y = 2*u + 151. Let f = y - 54. List the prime factors of f.
3, 29
Let i = 13 + -10. Suppose 16 = -i*b + 5*y, -3*b + 5*y - 8*y = -24. Suppose -5 - b = -n. List the prime factors of n.
2
Suppose 4*m - 4*f = -0*m - 16, -3*f = -5*m - 12. Let z = m - -3. Suppose -96 = -x - z*x. What are the prime factors of x?
2, 3
Suppose -4*t + 8*z = 9*z - 2159, 3*z = -3. List the prime factors of t.
2, 3, 5
Let x(w) = -6*w**2 - w**3 - 2*w**2 - 1 + 0*w**2 + 2 + 6*w. List the prime factors of x(-9).
2, 7
Suppose 3*l + 10836 = 3*t, -2439 = -5*t - 2*l + 15586. List the prime factors of t.
3607
Let q(y) = -y**2 - 12*y - 13. Let o be q(-6). Let m(f) = 5*f + 18. List the prime factors of m(o).
7, 19
Let r(c) = c**3 - 14*c**2 + 6*c + 10. Let u be r(14). Let t = u + -66. What are the prime factors of t?
2, 7
Let c(j) = j**3 - 9*j**2 - 8*j + 11. Let r be c(10). Let f = 45 - r. Let a(w) = -w**3 + 14*w**2 + 2*w - 6. List the prime factors of a(f).
2, 11
Let i(m) = -m**3 + 8*m**2 + 10*m - 3. Suppose t - 54 = -5*t. Let b be i(t). Suppose -2*v + 106 = 2*h, -b*h + 11*h = 2*v - 71. List the prime factors of v.
2, 3
Let f(k) = -11*k + 100. List the prime factors of f(-12).
2, 29
Let d(u) = 14*u**2 - 17*u + 265. What are the prime factors of d(10)?
5, 13, 23
Suppose -4*d = -4*y, -5*y - 2 = d + 16. Let t be 3/((-3)/(-19)) - y. Suppose -3*a - 9 = 0, 3*a + t = 5*m - 7. List the prime factors of m.
2
Suppose -8208 = -5*z + 6437. What are the prime factors of z?
29, 101
Suppose 6*z - 7456 - 1604 = 0. Suppose -14*n = -4*n - z. List the prime factors of n.
151
Let h be (268/(-6))/(18/(-27)). Suppose 2*q - h = -m + q, -2*q + 6 = 0. What are the prime factors of m?
2
Let j = -99 - -97. Let s(f) = 7*f**2 - 6*f + 2. Let r(z) = -15*z**2 + 13*z - 5. Let k(p) = 3*r(p) + 7*s(p). What are the prime factors of k(j)?
3, 7
Suppose -10 = -0*o - 5*o. Suppose 0 = o*i - 30. List the prime factors of i.
3, 5
Suppose -2642 = -w + 557. What are the prime factors of w?
7, 457
Let q(k) = 7*k - 25. Let o be q(4). Suppose 4*r + 2*n - 212 = -2*n, -o*r - n + 149 = 0. List the prime factors of r.
2, 3
Let u(j) = -41*j - 80. What are the prime factors of u(-15)?
5, 107
Suppose 0 = 1114*p - 1109*p - 17850. What are the prime factors of p?
2, 3, 5, 7, 17
Suppose -2*h + 6 = 2. Let w(m) = 33*m**2 + m - 3. What are the prime factors of w(h)?
131
Let r = 11 + 67. Suppose -4*t = r - 258. List the prime factors of t.
3, 5
Suppose -25538 = -17*t - 395. What are the prime factors of t?
3, 17, 29
Let o(k) be the third derivative of k**6/72 + 7*k**5/120 - k**4/6 - 9*k**2. Let a(t) be the second derivative of o(t). List the prime factors of a(3).
37
Let o = 354 + 2606. What are the prime factors of o?
2, 5, 37
Let a = 808 - 54. What are the prime factors of a?
2, 13, 29
Let d = 117 - 41. Let c(y) = 13*y + 80 - y - d - y**2. What are the prime factors of c(11)?
3, 5
Let l be 6/33 + ((-66920)/55)/(-7). Let j = l + 36. What are the prime factors of j?
2, 3, 5, 7
Suppose 21906 = 31*z - 3142. List the prime factors of z.
2, 101
Let m(o) = 11*o**2 - 7*o + 7. List the prime factors of m(-5).
317
Let w = -15 - -15. Let x be (w + -9)*(-4)/12. Suppose 52 = 2*h + x*q - q, 2*h - 3*q = 52. What are the prime factors of h?
2, 13
Let k = 3 - 11. Let c be k/(-20) - 36/(-10). Let r = c + 10. What are the prime factors of r?
2, 7
Let d(q) be the second derivative of q**4/12 - 5*q**3/3 + 29*q**2/2 + 8*q. What are the prime factors of d(11)?
2, 5
Let r = 1245 + -13. What are the prime factors of r?
2, 7, 11
Suppose 8 = -3*i - i. List the prime factors of (8712/330)/(i*(-1)/15).
2, 3, 11
Suppose m - 5*p = -1, 2*m + p = -0*p + 9. Suppose -266 = -m*n - 5*b, 7 = 4*b - 1. List the prime factors of n.
2
Let s(u) = 487*u - 88. List the prime factors of s(5).
2347
Suppose 16 = 2*v - 6. Suppose 6*n + 240 = v*n. Suppose -2*b + 11 = c + 4, -n = -5*c + 3*b. List the prime factors of c.
3
Let j(s) = s**2 + 2*s - 12. Let h be j(-13). Let r = 94 - h. What are the prime factors of r/(-2) + 3/(-2)?
17
Let j = 893 + -888. Suppose 7*w - 2*w = 0. Suppose -j*i + w*i = -75. List the prime factors of i.
3, 5
Let s(q) = 4*q**2 + 17*q + 31. List the prime factors of s(-22).
3, 59
Suppose 8*i = 18*i - 3520. Suppose r = -4*q + 740, 2*q - 3*r + 8*r = i. List the prime factors of q.
2, 3, 31
Suppose 50 = 11*o - 104. What are the prime factors of o?
2, 7
Let d(b) = b. Let r(f) = f**2 + 8*f + 24. Let l(u) = 2*d(u) + r(u). List the prime factors of l(-21).
3, 5, 17
Suppose -3*v + 18 = 3*v. Suppose r + 5*t = 104, 0 = 5*r - v*t - t - 433. What are the prime factors of r?
89
List the prime factors of ((-2180)/(-763))/(((-4)/(-21))/4).
2, 3, 5
Suppose -9*x + 19 = 1. Suppose c - 62 = x*h, -c + h = -4*c + 221. List the prime factors of c.
2, 3
Let d be (-156)/130*(-30)/(-4). What are the prime factors of (-1 - (-590)/(-14))*63/d?
2, 151
Suppose 1248 - 4056 = -4*x. What are the prime factors of x?
2, 3, 13
Suppose 0 = w - 3*z + 10, 5*w + 20 = -5*z - 10. Let c = -113 - -129. Let n = c + w. List the prime factors of n.
3
Let s = -17 + 17. Suppose -5*w + q + 17 = s, 0 = -w + 5*q - 10*q - 7. Suppose 5*y = -3*g - 0*g + 87, 57 = 3*y + w*g. What are the prime factors of y?
3, 5
Let u(n) = -n**3 - 11*n**2 - 12*n - 6. Let v(d) = d**2 + d - 1. Let s(o) = u(o) + 6*v(o). List the prime factors of s(-5).
2, 3
Suppose 5*y + 2*y = 5845. Suppose y = -10*i + 3225. What are the prime factors of i?
239
Suppose -o + 4*g + 411 = 0, -4*g = 5*o + 1041 - 3048. List the prime factors of o.
13, 31
Suppose 5*z + t - 30 = 0, 3*z - 3*t = 2*t - 10. Let j(s) = s**3 - 3*s**2 - 2*s - 5. List the prime factors of j(z).
5, 7
Suppose 9*r - 5*r = 4*g + 7604, -g + 1901 = r. What are the prime factors of r?
1901
Let s(g) be the second derivative of g**4/6 + g**3/3 - 3*g**2 - 7*g. Let r be s(6). Let l = 119 - r. List the prime factors of l.
41
Let l be -12*(-3 - (-16)/6). Suppose 0 = l*u - 4*t - 28, -5*t - 27 + 4 = u. Suppose -5*b - u*v + 2 = 0, b = v + 11 - 5. What are the prime factors of b?
2
Let w = 3012 - 1684. What are the prime factors of w?
2, 83
Let f = -888 + 1954. List the prime factors of f.
2, 13, 41
Let g be ((-12)/(-27))/((-12)/(-54)). Suppose 2*v - g*u - 438 = -2*v, 3*u = 5*v - 545. List the prime factors of v.
2, 7
Suppose 2*l - l - 20 = 2*f, l + 40 = -4*f. Let d(w) be the second derivative of w**4/12 + 7*w**3/6 - 7*w**2/2 - 11*w. List the prime factors of d(f).
23
Let t = -1543 - -4359. What are the prime factors of t?
2, 11
Suppose 76*l + 24934 = 83*l. What are the prime factors of l?
2, 13, 137
Suppose 0 = 4*j - 5*x - 4668, -8*j - 3*x = -3*j - 5798. List the prime factors of j.
2, 7, 83
Suppose 14*i = -4 + 60. Suppose 0 = i*l + 4*f - 156, 3*l + 5*f = l + 93. List the prime factors of l.
2, 17
Suppose -5*q - 10442 = -3*v, 4*q = 5*v - 664 - 16761. List the prime factors of v.
3, 1163
Let p be 5/(-3 - (-2 - 2)). Suppose 25 = p*i, -3*z + 4*z - 8 = 3*i. List the prime factors of z.
23
Suppose -u + 8 = 93. Let n = u - -141. Suppose -5*c + n = 3*t, 5*t - 4*c = -0*c + 118. What are the prime factors of t?
2, 11
Let x = -144 + 328. List the prime factors of x.
2, 23
Suppose 15*p - 2591 - 2119 = 0. List the prime factors of p.
2, 157
Suppose -4*o + 1125 = -v - 109, v = -5*o + 1547. What are the prime factors of o?
3, 103
Let w(k) = 12*k**2 - 20*k - 53. Let g(v) = 8*v**2 - 13*v - 35. Let o(u) = -7*g(u) + 5*w(u). List the prime factors of o(-6).
2, 89
Let l(b) = -42*b**3 - 6*b**2 - 8*b - 7. What are the prime factors of l(-3)?
1097
Let p(m) = -4 + 592*m**2 - 591*m**2 + 20 - 17*m. What are the prime factors of p(23)?
2, 7, 11
List the prime factors of ((-1047)/(-6) + -1)*32/16.
347
Let a(u) = 9*u**2 - 7*u - 27. List the prime factors of a(-10).
23, 41
Let x(c) = c**3 + 6*c**2 - c - 3. Let j be x(-6). List the prime factors of (-1 - -17)*j/2.
2, 3
Let a = -8 + 20. 